{"id":400,"date":"2017-01-18T09:43:35","date_gmt":"2017-01-18T09:43:35","guid":{"rendered":"http:\/\/renafer.cd\/?page_id=400"},"modified":"2022-03-07T23:46:40","modified_gmt":"2022-03-07T22:46:40","slug":"about-style-2","status":"publish","type":"page","link":"https:\/\/renafer.cd\/index.php\/about-style-2\/","title":{"rendered":"A PROPOS DE NOUS"},"content":{"rendered":"<p>[vc_row equal_height=\u00a0\u00bbyes\u00a0\u00bb content_placement=\u00a0\u00bbmiddle\u00a0\u00bb css=\u00a0\u00bb.vc_custom_1485955952057{margin-right: 0px !important;margin-left: 0px !important;}\u00a0\u00bb][vc_column width=\u00a0\u00bb1\/2&Prime; css=\u00a0\u00bb.vc_custom_1584023093027{background-image: url(http:\/\/renafer.cd\/wp-content\/uploads\/2020\/03\/WhatsApp-Image-2020-03-03-at-22.00.01-1.jpeg?id=1307) !important;background-position: center !important;background-repeat: no-repeat !important;background-size: cover !important;border-radius: 5px !important;}\u00a0\u00bb][vc_empty_space height=\u00a0\u00bb6em\u00a0\u00bb alter_height=\u00a0\u00bbnone\u00a0\u00bb hide_on_mobile=\u00a0\u00bb\u00a0\u00bb][\/vc_column][vc_column width=\u00a0\u00bb1\/2&Prime; css=\u00a0\u00bb.vc_custom_1485956413179{padding-right: 6% !important;padding-left: 6% !important;}\u00a0\u00bb][vc_empty_space height=\u00a0\u00bb1.5em\u00a0\u00bb alter_height=\u00a0\u00bbnone\u00a0\u00bb hide_on_mobile=\u00a0\u00bb\u00a0\u00bb]<div id=\"sc_title_336062643\"\n\t\tclass=\"sc_title sc_title_extra\"><h6 class=\"sc_item_subtitle sc_title_subtitle sc_align_left sc_item_title_style_extra\">RENAFER-RDC<\/h6><h3 class=\"sc_item_title sc_title_title sc_align_left sc_item_title_style_extra\">Qui nous sommes<\/h3><\/div><!-- \/.sc_title -->[vc_column_text]<\/p>\n<p style=\"text-align: left;\">Cr\u00e9\u00e9 \u00e0 Kinshasa, capitale de la R\u00e9publique D\u00e9mocratique du Congo, en date du 20 f\u00e9vrier 2020 et ce, conform\u00e9ment \u00e0 la loi n\u00b0 004\/2001du 20 juillet 2001 portant dispositions g\u00e9n\u00e9rales applicables aux Associations sans but lucratif et aux \u00e9tablissements d\u2019utilit\u00e9 publique, en R\u00e9publique D\u00e9mocratique du Congo, une Organisation Non Gouvernementale de D\u00e9veloppement Sans But Lucratif d\u00e9nomm\u00e9e \u00abRESEAU NATIONAL DES ASSOCIATIONS DES FEMMES RURALES DE LA R\u00c9PUBLIQUE DEMOCRATIQUE DU CONGO\u00bb en sigle \u00ab RENAFER-RDC \u00bb.RENAFER est un cadre de communication au niveau national \u00e0 travers lequel les femmes rurales sont atteintes pour \u00eatre inform\u00e9es et Form\u00e9es aux notions et bonnes pratiques d&rsquo;une agriculture durable, lutter contre les diff\u00e9rents fl\u00e9aux qui affaiblissent leurs productions mais surtout atteindre une autonomie financi\u00e8re gr\u00e2ce au m\u00e9tier qu&rsquo;elles exercent.<\/p>\n<h6>Notre devise<\/h6>\n<p>Travail &#8211;\u00a0 Autonomisation &#8211; D\u00e9veloppement[\/vc_column_text][vc_empty_space height=\u00a0\u00bb5px\u00a0\u00bb alter_height=\u00a0\u00bbnone\u00a0\u00bb hide_on_mobile=\u00a0\u00bb\u00a0\u00bb][\/vc_column][\/vc_row][vc_row][vc_column][vc_empty_space height=\u00a0\u00bb1em\u00a0\u00bb alter_height=\u00a0\u00bbnone\u00a0\u00bb hide_on_mobile=\u00a0\u00bb1&Prime;][\/vc_column][\/vc_row][vc_row css=\u00a0\u00bb.vc_custom_1583864406835{margin-right: 0px !important;margin-left: 0px !important;background-position: center !important;background-repeat: no-repeat !important;background-size: cover !important;border-radius: 5px !important;}\u00a0\u00bb][vc_column][vc_empty_space height=\u00a0\u00bb5em\u00a0\u00bb alter_height=\u00a0\u00bbnone\u00a0\u00bb hide_on_mobile=\u00a0\u00bb\u00a0\u00bb][vc_empty_space height=\u00a0\u00bb3em\u00a0\u00bb alter_height=\u00a0\u00bbnone\u00a0\u00bb hide_on_mobile=\u00a0\u00bb1&Prime;][vc_column_text el_class=\u00a0\u00bbmc4wp_main\u00a0\u00bb css=\u00a0\u00bb.vc_custom_1485960634992{background-color: rgba(255,255,255,0.7) !important;*background-color: rgb(255,255,255) !important;border-radius: 5px !important;}\u00a0\u00bb]<\/p>\n<h4 style=\"text-align: center;\">Recevez nos courriels<\/h4>\n<p style=\"text-align: center;\">Abonnez-vous \u00e0 notre liste d&#8217;email et restez \u00e0 jour avec toutes nos nouvelles et restez en contact.<\/p>\n<p><script>(function() {\n\twindow.mc4wp = window.mc4wp || {\n\t\tlisteners: [],\n\t\tforms: {\n\t\t\ton: function(evt, cb) {\n\t\t\t\twindow.mc4wp.listeners.push(\n\t\t\t\t\t{\n\t\t\t\t\t\tevent   : evt,\n\t\t\t\t\t\tcallback: cb\n\t\t\t\t\t}\n\t\t\t\t);\n\t\t\t}\n\t\t}\n\t}\n})();\n<\/script><!-- Mailchimp for WordPress v4.7.5 - https:\/\/wordpress.org\/plugins\/mailchimp-for-wp\/ --><form id=\"mc4wp-form-1\" class=\"mc4wp-form mc4wp-form-522\" method=\"post\" data-id=\"522\" data-name=\"form\" ><div class=\"mc4wp-form-fields\"><input type=\"email\" name=\"EMAIL\" placeholder=\"Email Address\" required \/><input type=\"submit\" value=\"Subcribe\" \/>\n<\/div><label style=\"display: none !important;\">Leave this field empty if you're human: <input type=\"text\" name=\"_mc4wp_honeypot\" value=\"\" tabindex=\"-1\" autocomplete=\"off\" \/><\/label><input type=\"hidden\" name=\"_mc4wp_timestamp\" value=\"1777299124\" \/><input type=\"hidden\" name=\"_mc4wp_form_id\" value=\"522\" \/><input type=\"hidden\" name=\"_mc4wp_form_element_id\" value=\"mc4wp-form-1\" \/><div class=\"mc4wp-response\"><\/div><\/form><!-- \/ Mailchimp for WordPress Plugin -->[\/vc_column_text][vc_empty_space height=\u00a0\u00bb5em\u00a0\u00bb alter_height=\u00a0\u00bbnone\u00a0\u00bb hide_on_mobile=\u00a0\u00bb\u00a0\u00bb][vc_empty_space height=\u00a0\u00bb3em\u00a0\u00bb alter_height=\u00a0\u00bbnone\u00a0\u00bb hide_on_mobile=\u00a0\u00bb1&Prime;][\/vc_column][\/vc_row]<\/p>\n","protected":false},"excerpt":{"rendered":"<p>[vc_row equal_height=\u00a0\u00bbyes\u00a0\u00bb content_placement=\u00a0\u00bbmiddle\u00a0\u00bb css=\u00a0\u00bb.vc_custom_1485955952057{margin-right: 0px !important;margin-left: 0px !important;}\u00a0\u00bb][vc_column width=\u00a0\u00bb1\/2&Prime; css=\u00a0\u00bb.vc_custom_1584023093027{background-image: url(http:\/\/renafer.cd\/wp-content\/uploads\/2020\/03\/WhatsApp-Image-2020-03-03-at-22.00.01-1.jpeg?id=1307) !important;background-position: center !important;background-repeat: no-repeat !important;background-size: cover !important;border-radius: 5px !important;}\u00a0\u00bb][vc_empty_space height=\u00a0\u00bb6em\u00a0\u00bb alter_height=\u00a0\u00bbnone\u00a0\u00bb hide_on_mobile=\u00a0\u00bb\u00a0\u00bb][\/vc_column][vc_column width=\u00a0\u00bb1\/2&Prime; css=\u00a0\u00bb.vc_custom_1485956413179{padding-right: 6% !important;padding-left: 6% !important;}\u00a0\u00bb][vc_empty_space height=\u00a0\u00bb1.5em\u00a0\u00bb alter_height=\u00a0\u00bbnone\u00a0\u00bb hide_on_mobile=\u00a0\u00bb\u00a0\u00bb][vc_column_text] Cr\u00e9\u00e9 \u00e0 Kinshasa, capitale de la R\u00e9publique&hellip;<\/p>\n","protected":false},"author":1,"featured_media":0,"parent":0,"menu_order":0,"comment_status":"closed","ping_status":"closed","template":"","meta":[],"_links":{"self":[{"href":"https:\/\/renafer.cd\/index.php\/wp-json\/wp\/v2\/pages\/400"}],"collection":[{"href":"https:\/\/renafer.cd\/index.php\/wp-json\/wp\/v2\/pages"}],"about":[{"href":"https:\/\/renafer.cd\/index.php\/wp-json\/wp\/v2\/types\/page"}],"author":[{"embeddable":true,"href":"https:\/\/renafer.cd\/index.php\/wp-json\/wp\/v2\/users\/1"}],"replies":[{"embeddable":true,"href":"https:\/\/renafer.cd\/index.php\/wp-json\/wp\/v2\/comments?post=400"}],"version-history":[{"count":15,"href":"https:\/\/renafer.cd\/index.php\/wp-json\/wp\/v2\/pages\/400\/revisions"}],"predecessor-version":[{"id":1744,"href":"https:\/\/renafer.cd\/index.php\/wp-json\/wp\/v2\/pages\/400\/revisions\/1744"}],"wp:attachment":[{"href":"https:\/\/renafer.cd\/index.php\/wp-json\/wp\/v2\/media?parent=400"}],"curies":[{"name":"wp","href":"https:\/\/api.w.org\/{rel}","templated":true}]}}